en 445 is divided by 57.
46
What is the remainder when 34 is divided by 17?
0
Calculate the remainder when 751 is divided by 16.
15
Calculate the remainder when 236 is divided by 81.
74
Calculate the remainder when 1415 is divided by 469.
8
Calculate the remainder when 10 is divided by 4.
2
What is the remainder when 597 is divided by 26?
25
What is the remainder when 1398 is divided by 1338?
60
Calculate the remainder when 163 is divided by 158.
5
Calculate the remainder when 589 is divided by 178.
55
What is the remainder when 446 is divided by 25?
21
Calculate the remainder when 573 is divided by 12.
9
Calculate the remainder when 1142 is divided by 88.
86
Calculate the remainder when 165 is divided by 47.
24
What is the remainder when 541 is divided by 267?
7
What is the remainder when 1507 is divided by 51?
28
What is the remainder when 122 is divided by 58?
6
Calculate the remainder when 499 is divided by 25.
24
What is the remainder when 450 is divided by 41?
40
Calculate the remainder when 522 is divided by 2.
0
Calculate the remainder when 129 is divided by 44.
41
What is the remainder when 105 is divided by 30?
15
Calculate the remainder when 1789 is divided by 449.
442
What is the remainder when 16893 is divided by 109?
107
What is the remainder when 120 is divided by 70?
50
Calculate the remainder when 158 is divided by 19.
6
What is the remainder when 140 is divided by 25?
15
What is the remainder when 1049 is divided by 15?
14
What is the remainder when 670 is divided by 11?
10
What is the remainder when 510 is divided by 7?
6
Calculate the remainder when 5567 is divided by 65.
42
Calculate the remainder when 299 is divided by 94.
17
What is the remainder when 1391 is divided by 31?
27
Calculate the remainder when 102 is divided by 47.
8
What is the remainder when 175 is divided by 84?
7
What is the remainder when 1782 is divided by 85?
82
What is the remainder when 50 is divided by 19?
12
Calculate the remainder when 837 is divided by 161.
32
Calculate the remainder when 1769 is divided by 77.
75
Calculate the remainder when 248 is divided by 56.
24
What is the remainder when 881 is divided by 292?
5
What is the remainder when 1769 is divided by 111?
104
What is the remainder when 248 is divided by 78?
14
What is the remainder when 3309 is divided by 8?
5
Calculate the remainder when 110 is divided by 39.
32
What is the remainder when 17 is divided by 4?
1
Calculate the remainder when 494 is divided by 479.
15
What is the remainder when 700 is divided by 9?
7
What is the remainder when 466 is divided by 12?
10
Calculate the remainder when 134 is divided by 52.
30
Calculate the remainder when 12299 is divided by 100.
99
Calculate the remainder when 1707 is divided by 90.
87
Calculate the remainder when 36 is divided by 18.
0
What is the remainder when 132 is divided by 9?
6
Calculate the remainder when 713 is divided by 99.
20
Calculate the remainder when 88 is divided by 14.
4
Calculate the remainder when 1543 is divided by 9.
4
Calculate the remainder when 872 is divided by 23.
21
What is the remainder when 1075 is divided by 22?
19
What is the remainder when 27643 is divided by 46?
43
Calculate the remainder when 1227 is divided by 82.
79
What is the remainder when 74 is divided by 43?
31
What is the remainder when 82 is divided by 6?
4
What is the remainder when 81 is divided by 19?
5
Calculate the remainder when 47 is divided by 25.
22
Calculate the remainder when 121 is divided by 79.
42
What is the remainder when 134 is divided by 119?
15
Calculate the remainder when 31 is divided by 24.
7
Calculate the remainder when 128 is divided by 55.
18
What is the remainder when 526 is divided by 24?
22
What is the remainder when 251 is divided by 34?
13
What is the remainder when 43 is divided by 36?
7
What is the remainder when 960 is divided by 15?
0
Calculate the remainder when 621 is divided by 57.
51
Calculate the remainder when 727 is divided by 148.
135
What is the remainder when 495 is divided by 100?
95
Calculate the remainder when 4687 is divided by 294.
277
What is the remainder when 2236 is divided by 385?
311
Calculate the remainder when 452 is divided by 226.
0
What is the remainder when 61 is divided by 17?
10
What is the remainder when 33 is divided by 5?
3
What is the remainder when 523 is divided by 180?
163
What is the remainder when 581 is divided by 18?
5
Calculate the remainder when 40 is divided by 10.
0
Calculate the remainder when 2130 is divided by 102.
90
What is the remainder when 50872 is divided by 25?
22
Calculate the remainder when 83 is divided by 10.
3
What is the remainder when 2127 is divided by 34?
19
Calculate the remainder when 420 is divided by 116.
72
Calculate the remainder when 919 is divided by 301.
16
What is the remainder when 95 is divided by 20?
15
Calculate the remainder when 155 is divided by 111.
44
Calculate the remainder when 454 is divided by 13.
12
What is the remainder when 62 is divided by 30?
2
What is the remainder when 3175 is divided by 159?
154
Calculate the remainder when 71 is divided by 57.
14
What is the remainder when 10 is divided by 3?
1
What is the remainder when 1897 is divided by 25?
22
Calculate the remainder when 18887 is divided by 134.
127
What is the remainder when 152 is divided by 13?
9
What is the remainder when 2171 is divided by 542?
3
What is the remainder when 186 is divided by 30?
6
What is the remainder when 3281 is divided by 47?
38
Calculate the remainder when 4032 is divided by 2014.
4
Calculate the remainder when 21683 is divided by 7.
4
Calculate the remainder when 74 is divided by 71.
3
Calculate the remainder when 137 is divided by 124.
13
Calculate the remainder when 38 is divided by 13.
12
Calculate the remainder when 754 is divided by 27.
25
Calculate the remainder when 167 is divided by 44.
35
What is the remainder when 437 is divided by 17?
12
What is the remainder when 521 is divided by 131?
128
Calculate the remainder when 2285 is divided by 104.
101
What is the remainder when 55 is divided by 15?
10
Calculate the remainder when 791 is divided by 6.
5
Calculate the remainder when 99 is divided by 52.
47
Calculate the remainder when 213 is divided by 33.
15
Calculate the remainder when 2447 is divided by 19.
15
What is the remainder when 14 is divided by 11?
3
Calculate the remainder when 119 is divided by 11.
9
Calculate the remainder when 217 is divided by 197.
20
Calculate the remainder when 100 is divided by 52.
48
What is the remainder when 1528 is divided by 15?
13
What is the remainder when 82 is divided by 24?
10
Calculate the remainder when 42 is divided by 28.
14
What is the remainder when 1948 is divided by 645?
13
What is the remainder when 360 is divided by 52?
48
What is the remainder when 588 is divided by 22?
16
Calculate the remainder when 2279 is divided by 30.
29
What is the remainder when 625 is divided by 5?
0
Calculate the remainder when 572 is divided by 12.
8
Calculate the remainder when 502 is divided by 6.
4
Calculate the remainder when 864 is divided by 87.
81
Calculate the remainder when 377 is divided by 18.
17
Calculate the remainder when 1047 is divided by 144.
39
Calculate the remainder when 841 is divided by 42.
1
Calculate the remainder when 62 is divided by 39.
23
What is the remainder when 9071 is divided by 43?
41
Calculate the remainder when 50 is divided by 15.
5
Calculate the remainder when 738 is divided by 66.
12
What is the remainder when 6726 is divided by 3360?
6
What is the remainder when 97 is divided by 42?
13
Calculate the remainder when 144 is divided by 29.
28
What is the remainder when 265 is divided by 69?
58
Calculate the remainder when 8921 is divided by 92.
89
Calculate the remainder when 180 is divided by 50.
30
What is the remainder when 797 is divided by 40?
37
Calculate the remainder when 59135 is divided by 384.
383
Calculate the remainder when 284 is divided by 17.
12
What is the remainder when 346 is divided by 17?
6
What is the remainder when 687 is divided by 172?
171
Calculate the remainder when 60519 is divided by 356.
355
Calculate the remainder when 2646 is divided by 43.
23
What is the remainder when 101 is divided by 2?
1
Calculate the remainder when 649 is di